. What are the prime factors of q?
2, 11
Let w = -343 + 899. Suppose -w = -3*c - c. Suppose -3*a = -6*i + i - 133, i - c = -4*a. What are the prime factors of a?
2, 3
Suppose -7 = k - 6. List the prime factors of 38/(-8)*(k + -3).
19
Let c be 34/2 - 18/6. Suppose c = j - 21. List the prime factors of j.
5, 7
Let t = 66 - 53. Let m(f) = f**3 - 13*f**2 + 13*f + 14. List the prime factors of m(t).
3, 61
Let y = 162 + -105. Suppose 2*d - 167 = -y. List the prime factors of d.
5, 11
Suppose -5*t - 3*m + 7026 = 0, 1 = -m - 2. What are the prime factors of t?
3, 7, 67
Let x = -225 - -462. What are the prime factors of x?
3, 79
Let q(v) be the first derivative of -1 + 2*v**2 + 2 - 5*v + 4*v. List the prime factors of q(2).
7
Let q be (1 + 14)*(-580)/(-50). Suppose 3*b = 4*r - q, -4*b + 39 = r - 14. Let j = 77 - r. What are the prime factors of j?
2
What are the prime factors of 1*12*(4 + 20)?
2, 3
List the prime factors of 1846/8 - (7 + 58/(-8)).
3, 7, 11
Let v = -16 + 50. Let n = v + -14. Suppose 2*d + n = 60. List the prime factors of d.
2, 5
Let r = 4 + 1. Suppose -2*o - 866 = -2*c, -r*c = -o - o - 857. List the prime factors of 2/(-8) - o/16.
3
Suppose 2 = -2*q - 4*z - 8, -2*z - 14 = 2*q. Let m(r) = r**3 + 11*r**2 + 9*r - 21. Let l be m(q). Let p = 17 + l. List the prime factors of p.
7, 11
What are the prime factors of 563 + -2 + 14/2?
2, 71
List the prime factors of ((-81)/(-2))/3*(58 - 0).
3, 29
Suppose 0 = 3*a - 7*a + k + 9, 5*k - 24 = -3*a. Let s = 19 + a. List the prime factors of s.
2, 11
Suppose 3*c - 4576 = 2*w, w - 733 = -c + 799. What are the prime factors of c?
2, 191
Let q(v) = -v**3 - 2*v + 535. List the prime factors of q(0).
5, 107
Let m(c) = 2*c - 14. Let u be m(-6). Let l = u - -14. What are the prime factors of (0/3)/(-2) - l?
2, 3
Let u = 2 + 0. Let n be 4*((-1)/u - -1). List the prime factors of n/8 - 225/(-12).
19
Let z(q) = -q**3 + 7*q**2 - q + 11. Let x be z(7). Suppose -2*n - 748 = -4*t, -5*t + 8*t - x*n = 571. What are the prime factors of t?
5, 37
Let a(m) = -20*m - 6*m + 2 - 11*m. What are the prime factors of a(-1)?
3, 13
Let q(m) = 4*m**2 + 9*m + 20. Let x(w) = -10*w**2 + 23*w + 41 - 5*w + 15*w**2 + 2*w**2. Let z(p) = -5*q(p) + 3*x(p). List the prime factors of z(-11).
3, 5
Let z(b) = b**2 + 25*b - 50. Let l be z(-27). Suppose s - 4*u - 180 = -2*s, 100 = 2*s + l*u. What are the prime factors of s?
2, 7
List the prime factors of ((-81)/12)/(-9) - (-1449)/4.
3, 11
Suppose 67*b + 684 = 117264. List the prime factors of b.
2, 3, 5, 29
Suppose -10*j = -5*j + 4*k - 693, 2*j - k - 285 = 0. Suppose -j = -4*l + 367. List the prime factors of l.
127
Let l = -1 - -10. Let c = l - 0. What are the prime factors of c?
3
Suppose -5*j = 2*o - 19, 0 = 6*o - 3*o + 5*j - 21. Let h be (-1 - o) + 25 + 1. What are the prime factors of h - (0/(-2))/2?
23
Let y be 3/24 - 1341/(-24). Let u be 101/9 - (-8)/(-36). Suppose 3*h - y = -2*x - u, -x + 5*h = -3. List the prime factors of x.
2, 3
Suppose -4*m - 3*n = -18774, m - 5120 = 2*n - 421. List the prime factors of m.
3, 5, 313
Let z = -9 + 9. Suppose v = -t + 20 - 4, z = -2*t - 6. Suppose 0 = -s - 6 + v. List the prime factors of s.
13
Suppose -32*a + 61547 = 15435. What are the prime factors of a?
11, 131
Let g = -32 - -137. Suppose -5*l = -4*o - 534, -3*l + o - g = -4*l. Let t = l - 62. What are the prime factors of t?
2, 11
Suppose 3*s - g - 3 = 3*g, -5*s - 5*g + 40 = 0. Suppose -s*z + 2*i = 33, -4*z - i = -0*i + 29. List the prime factors of (-129)/z - 3/7.
2, 3
Let p(c) = 90*c + 8. List the prime factors of p(3).
2, 139
Let v(w) = -8*w + 11. Let h be v(-15). Let f = -26 + h. What are the prime factors of f?
3, 5, 7
Suppose -h + 1 = x, 2*x - 3 + 1 = 5*h. Let m be (2 - 1)*h/10. Suppose 3*t + m*t - 39 = 0. List the prime factors of t.
13
Let d(n) = -2*n**3 - 12*n**2 - 2*n - 92. List the prime factors of d(-11).
2, 3, 5, 19
Suppose 6*f + 62 = 4*f. Let k = f - -17. List the prime factors of (60/k)/(2/(-14)).
2, 3, 5
Let q = -180 - -1393. List the prime factors of q.
1213
Let h = 53 - 51. Suppose -z + 3*z - h*w = 260, -5*w + 700 = 5*z. What are the prime factors of z?
3, 5
Let z(l) = 2*l**3 + 6*l**2 - 8*l + 3. List the prime factors of z(6).
3, 67
Let f(l) = 2*l + 14. Let q be f(-6). Let n be q - 2*1/(-2). Let t(v) = 9*v + 1. What are the prime factors of t(n)?
2, 7
Let r = -4061 - -8037. List the prime factors of r.
2, 7, 71
Let o(p) = -p**3 - 3*p**2 + 3*p + 2. Let r be o(-4). Suppose -304 = 2*c - r*c. What are the prime factors of c?
2, 19
Let y(t) = -t**2 + 10*t + 5. Let p be y(-5). Let j be (-30)/40 + p/(-8). Suppose 5*c - j*c + 78 = 0. What are the prime factors of c?
2, 13
Suppose -83 - 230 = -v. List the prime factors of v.
313
Let x = 59 + -40. Suppose -3*t + 41 = 4*k, 0 = -t + 5*k - k + x. Suppose t = b + 4*b. What are the prime factors of b?
3
Let s = 569 + -257. Suppose 0 = -4*q + 4*u + 388, -5*q + 153 + s = 5*u. List the prime factors of q.
5, 19
Suppose 2*j - 3844 = 4*v, 5498 = 5*j - 2*v - 4128. List the prime factors of j.
2, 3, 107
Suppose 8*j = 10*j - 4. Suppose 61 + 5 = j*q. What are the prime factors of q?
3, 11
Suppose 178*c = 175*c + 2520. List the prime factors of c.
2, 3, 5, 7
Let p be (-1 + -7)/((-2)/1). Let b(c) = 2 - 5*c - p - 4 - 3. What are the prime factors of b(-6)?
3, 7
Let z = -2 + 6. Suppose z*i + 3*q - 16 = 7, -i + 3*q = 13. Let d = 8 - i. List the prime factors of d.
2, 3
Let q = -34 + 34. Suppose -3*v + 34 + 281 = q. What are the prime factors of v?
3, 5, 7
Suppose 52 = 3*i + i. Let r be -1 - -1 - (i - 13). Suppose 2*z = -r*z + 82. List the prime factors of z.
41
Suppose -n - 1499 = -3*s, -4*s - 43*n = -41*n - 1982. What are the prime factors of s?
2, 3, 83
Let l(c) = -72*c + 324. What are the prime factors of l(-21)?
2, 3, 17
Suppose 123 = c - v, 2*v + 391 = 4*c - 93. List the prime factors of c.
7, 17
Let n(y) = -y - 2. Let d be n(-5). Suppose -2 - 250 = -d*t. List the prime factors of t.
2, 3, 7
Let l be (-369)/(-27) - (-2)/6. Let w = -9 + 2. Let c = l + w. What are the prime factors of c?
7
Let g(h) = -h - 11. Let k(a) = 3*a + 32. Let n(x) = 8*g(x) + 3*k(x). Let w be n(-8). Suppose 34 = -r + 3*r - 5*v, -3*v = w. List the prime factors of r.
17
Let k(z) = z**2 + 10*z - 8. Let j be k(-7). Let q = j + 27. List the prime factors of 1/q - (-78)/4.
19
Let i(l) = 56*l**3 - l**2 + 2*l + 1. List the prime factors of i(2).
449
Let w be 5/(-25) + (-16)/(-5). Suppose 3*v + 3*f - 27 = 0, -2*f - w = -4*v + 3*v. List the prime factors of v.
7
Suppose 2*p - 4*p - 141 = -j, -5*j = -2*p - 729. List the prime factors of (j/4)/(-4 - 34/(-8)).
3, 7
Let v(i) = -i - 7. Let o be v(-6). Let u be (0 - (-5)/(-6))*-6. List the prime factors of o - (-4 - -1 - u).
7
Let k(s) = s + 1. Let p(z) = 13*z + 10. Let l(v) = -44*k(v) + 4*p(v). Let j be (6*1)/((-6)/(-3)). What are the prime factors of l(j)?
2, 5
Let k(t) = 6*t + 10. Let p be k(0). Suppose 0*d + 56 = 4*d. List the prime factors of (3 + d/p)*15.
2, 3, 11
Let i = 515 + -243. List the prime factors of i.
2, 17
Let a be (-150)/36 + 1/6. Suppose 3*h = -2*y + 643, 0*y - 3*y = -5*h + 1097. What are the prime factors of (a - -1) + h/7?
2, 7
Suppose -47495 = -23*v + 5106. List the prime factors of v.
2287
Let q = 19 - 15. Let u be q - (-35*4)/2. Suppose 3*s = -u + 245. List the prime factors of s.
3, 19
Suppose -4485 = -3*y - 7*c + 4*c, -3*c + 5985 = 4*y. List the prime factors of y.
2, 3, 5
Let w be (-54)/(-8) + (-6)/8. Suppose 0 - 12 = -w*f. Suppose 2*y - 4*s - 74 = 0, f*y + 0*s = 2*s + 70. List the prime factors of y.
3, 11
Let p = -217 + 1099. What are the prime factors of p?
2, 3, 7
What are the prime factors of (77 - 81) + (1294 - (-2 + 1))?
1291
Let r = 9693 + -5666. What are the prime factors of r?
4027
Let g = 131 + 13. Let u = 258 - g. List the prime factors of u.
2, 3, 19
Let u(m) = 12*m**3 - m + 1. Let y be u(1). Suppose -4*o + y = -o - l, 8 = 2*o - 3*l. Suppose q = o*q - 24. What are the prime factors of q?
2
Let p be 10/(-4)*-2*1. Let g be (2 - -164) + 15/p. Suppose -j = -5*s + 139 + g, 186 = 3*s - j. List the prime factors of s.
61
Let w = -20 + 42. Suppose 16 = -4*z, -3*z = 2*b - 116 - w. List the prime factors of b.
3, 5
Let i(l) = -l**3 + 20*l**2 - 7*l - 114. List the prime factors of i(18).
2, 3, 17
Let m be (-12)/